of 463449428?
8
What is the hundred thousands digit of 19012122?
0
What is the units digit of 445820082?
2
What is the ten millions digit of 3018266850?
1
What is the ten millions digit of 1108041487?
0
What is the millions digit of 924644079?
4
What is the hundred thousands digit of 108304688?
3
What is the hundred thousands digit of 144972594?
9
What is the hundred thousands digit of 3058433633?
4
What is the units digit of 9818799?
9
What is the hundreds digit of 378016737?
7
What is the ten thousands digit of 1923707876?
0
What is the hundreds digit of 15869545?
5
What is the ten thousands digit of 1389014746?
1
What is the tens digit of 22919194?
9
What is the units digit of 3699857808?
8
What is the tens digit of 85600540?
4
What is the tens digit of 368835581?
8
What is the thousands digit of 53213290?
3
What is the hundreds digit of 1415681410?
4
What is the ten millions digit of 665898435?
6
What is the hundred thousands digit of 1481658368?
6
What is the hundreds digit of 2869660286?
2
What is the hundred thousands digit of 38430364?
4
What is the thousands digit of 5718520195?
0
What is the units digit of 59536948?
8
What is the millions digit of 60405971?
0
What is the millions digit of 1183033122?
3
What is the ten millions digit of 119034681?
1
What is the hundreds digit of 2431708768?
7
What is the units digit of 1573286375?
5
What is the millions digit of 356671241?
6
What is the hundred thousands digit of 461853914?
8
What is the ten millions digit of 2669772458?
6
What is the millions digit of 44237023?
4
What is the hundred thousands digit of 53500729?
5
What is the units digit of 482092307?
7
What is the ten millions digit of 598574315?
9
What is the hundred millions digit of 531266975?
5
What is the hundred thousands digit of 76207451?
2
What is the thousands digit of 97682022?
2
What is the billions digit of 4363293777?
4
What is the tens digit of 51865313?
1
What is the billions digit of 1726940877?
1
What is the ten millions digit of 563457302?
6
What is the ten thousands digit of 117063243?
6
What is the hundred thousands digit of 162701125?
7
What is the thousands digit of 171102050?
2
What is the hundreds digit of 519430?
4
What is the millions digit of 571315622?
1
What is the ten millions digit of 118710652?
1
What is the tens digit of 1297396211?
1
What is the ten millions digit of 163278320?
6
What is the thousands digit of 1597725108?
5
What is the thousands digit of 6993279262?
9
What is the thousands digit of 2589501172?
1
What is the thousands digit of 86164603?
4
What is the billions digit of 2191679414?
2
What is the ten millions digit of 377110157?
7
What is the hundreds digit of 1742939500?
5
What is the tens digit of 693592174?
7
What is the hundred thousands digit of 156410999?
4
What is the tens digit of 2396417345?
4
What is the ten thousands digit of 49909720?
0
What is the hundreds digit of 23411621?
6
What is the units digit of 4780325715?
5
What is the ten thousands digit of 211448049?
4
What is the thousands digit of 4291588?
1
What is the thousands digit of 805611249?
1
What is the ten thousands digit of 7575410?
7
What is the millions digit of 609171699?
9
What is the ten millions digit of 89536403?
8
What is the thousands digit of 13352606?
2
What is the ten thousands digit of 43239617?
3
What is the units digit of 19846332?
2
What is the hundred thousands digit of 244281119?
2
What is the ten millions digit of 888241481?
8
What is the hundred millions digit of 6451834365?
4
What is the millions digit of 744653171?
4
What is the millions digit of 26499358?
6
What is the millions digit of 199409555?
9
What is the millions digit of 69014084?
9
What is the units digit of 512368150?
0
What is the units digit of 7323406?
6
What is the hundred millions digit of 3590312929?
5
What is the tens digit of 96251149?
4
What is the units digit of 113012412?
2
What is the billions digit of 4837028404?
4
What is the millions digit of 85262835?
5
What is the tens digit of 6076995?
9
What is the thousands digit of 14670581?
0
What is the ten millions digit of 2131107027?
3
What is the hundred thousands digit of 21676281?
6
What is the units digit of 58559865?
5
What is the ten thousands digit of 469903922?
0
What is the units digit of 15764728?
8
What is the ten thousands digit of 38357880?
5
What is the tens digit of 1233986818?
1
What is the millions digit of 239797394?
9
What is the ten thousands digit of 158698605?
9
What is the hundred millions digit of 918579741?
9
What is the ten thousands digit of 81202468?
0
What is the thousands digit of 21143599?
3
What is the hundreds digit of 1175879905?
9
What is the ten thousands digit of 693578335?
7
What is the hundred millions digit of 3916956643?
9
What is the ten millions digit of 812377153?
1
What is the hundreds digit of 44993859?
8
What is the tens digit of 2265663004?
0
What is the millions digit of 5464806?
5
What is the tens digit of 252851061?
6
What is the hundred thousands digit of 140966300?
9
What is the ten millions digit of 875345396?
7
What is the units digit of 187059220?
0
What is the hundred thousands digit of 126332817?
3
What is the units digit of 988894280?
0
What is the ten thousands digit of 212164048?
6
What is the ten millions digit of 458711785?
5
What is the millions digit of 2877239689?
7
What is the ten thousands digit of 3730210?
3
What is the hundred millions digit of 7129967464?
1
What is the tens digit of 111194047?
4
What is the hundred millions digit of 638517469?
6
What is the millions digit of 89732660?
9
What is the thousands digit of 235382550?
2
What is the ten millions digit of 3360404870?
6
What is the billions digit of 2400995664?
2
What is the millions digit of 388352361?
8
What is the tens digit of 337562016?
1
What is the ten thousands digit of 74623322?
2
What is the hundreds digit of 28548442?
4
What is the hundred thousands digit of 260643216?
6
What is the hundreds digit of 605158235?
2
What is the hundreds digit of 533683871?
8
What is the thousands digit of 72957117?
7
What is the hundred thousands digit of 1275965149?
9
What is the hundred thousands digit of 74658194?
6
What is the units digit of 31969640?
0
What is the thousands digit of 166597666?
7
What is the hundred thousands digit of 6276503862?
5
What is the tens digit of 56129272?
7
What is the units digit of 65751406?
6
What is the millions digit of 102106602?
2
What is the billions digit of 3662220038?
3
What is the tens digit of 1230683476?
7
What is the tens digit of 1395388230?
3
What is the billions digit of 6577020080?
6
What is the ten thousands digit of 40961914?
6
What is the tens digit of 1554566504?
0
What is the tens digit of 3429315523?
2
What is the hundreds digit of 38994848?
8
What is the hundreds digit of 1150328486?
4
What is the millions digit of 511608168?
1
What is the units digit of 24504889?
9
What is the hundred thousands digit of 310193838?
1
What is the ten thousands digit of 1040723144?
2
What is the ten thousands digit of 207109239?
0
What is the ten thousands digit of 639892980?
9
What is the ten thousands digit of 17496787?
9
What is the thousands digit of 509430198?
0
What is the hundreds digit of 221474104?
1
What is the thousands digit of 326096429?
6
What is the thousands digit of 18275545?
5
What is the hundred millions digit of 177220729?
1
What is the hundreds digit of 196841173?
1
What is the thousands digit of 402732289?
2
What is the tens digit of 368946898?
9
What is the units digit of 252109464?
4
What is the units digit of 73545340?
0
What is the billions digit of 2934854181?
2
What is the ten millions digit of 543730328?
4
What is the ten thousands digit of 3179156332?
5
What is the hundred millions digit of 3970730641?
9
What is the tens digit of 968891972?
7
What is the ten millions digit of 130255249?
3
What is the hundred millions digit of 223601384?
2
What is the thousands digit of 147649019?
9
What is the hundred millions digit of 641869456?
6
What is the tens digit of 3403786670?
7
What is the units digit of 1754990906?
6
What is the units digit of 93475338?
8
What is the ten millions digit of 95298301?
9
What is the thousands digit of 706069275?
9
What is the thousands digit of 265095033?
5
W